{"id":2,"date":"2022-03-07T15:59:19","date_gmt":"2022-03-07T14:59:19","guid":{"rendered":"http:\/\/crechetournesol.com\/?page_id=2"},"modified":"2026-02-04T12:19:02","modified_gmt":"2026-02-04T11:19:02","slug":"page-d-exemple","status":"publish","type":"page","link":"http:\/\/www.crechetournesol.com\/index.php\/page-d-exemple\/","title":{"rendered":"Notre mission"},"content":{"rendered":"\n<p>Les cr\u00e8ches Tournesol sont les premi\u00e8res \u00ab&nbsp;cr\u00e8ches adapt\u00e9es&nbsp;\u00bb dans le monde.<\/p>\n\n\n\n<p>Notre mission ? Changer le regard sur le handicap, d\u00e8s le plus jeune \u00e2ge, et transformer de l\u2019int\u00e9rieur le mod\u00e8le des cr\u00e8ches.<\/p>\n\n\n\n<div class=\"wp-block-cover is-light\"><img loading=\"lazy\" decoding=\"async\" width=\"1707\" height=\"2560\" class=\"wp-block-cover__image-background wp-image-81\" alt=\"\" src=\"http:\/\/www.crechetournesol.com\/wp-content\/uploads\/2022\/07\/pexels-ekaterina-bolovtsova-4868624-1-scaled.jpg\" data-object-fit=\"cover\" srcset=\"http:\/\/www.crechetournesol.com\/wp-content\/uploads\/2022\/07\/pexels-ekaterina-bolovtsova-4868624-1-scaled.jpg 1707w, http:\/\/www.crechetournesol.com\/wp-content\/uploads\/2022\/07\/pexels-ekaterina-bolovtsova-4868624-1-200x300.jpg 200w, http:\/\/www.crechetournesol.com\/wp-content\/uploads\/2022\/07\/pexels-ekaterina-bolovtsova-4868624-1-683x1024.jpg 683w, http:\/\/www.crechetournesol.com\/wp-content\/uploads\/2022\/07\/pexels-ekaterina-bolovtsova-4868624-1-768x1152.jpg 768w, http:\/\/www.crechetournesol.com\/wp-content\/uploads\/2022\/07\/pexels-ekaterina-bolovtsova-4868624-1-1024x1536.jpg 1024w, http:\/\/www.crechetournesol.com\/wp-content\/uploads\/2022\/07\/pexels-ekaterina-bolovtsova-4868624-1-1365x2048.jpg 1365w\" sizes=\"auto, (max-width: 1707px) 100vw, 1707px\" \/><span aria-hidden=\"true\" class=\"wp-block-cover__background has-background-dim\"><\/span><div class=\"wp-block-cover__inner-container is-layout-flow wp-block-cover-is-layout-flow\">\n<p class=\"has-white-color has-text-color\">La micro cr\u00e8che est un lieu id\u00e9al favorisant l\u2019\u00e9veil individuel de l\u2019enfant dans la collectivit\u00e9. En effet, 12 enfants de 3 mois \u00e0 3 ans \u00e9voluent chacun \u00e0 son rythme dans un cocon affectif.<\/p>\n\n\n\n<p class=\"has-white-color has-text-color\">Les enfants sont choy\u00e9s par 5 professionnelles rythmant leurs journ\u00e9es en proposant des activit\u00e9s tr\u00e8s vari\u00e9es de jeux d\u2019\u00e9veil aux 5 sens&nbsp;\u00e0 travers : <strong>Le jardinage<\/strong>&nbsp;: <em>Toucher et sentir la terre, observer les couleurs des fleurs, entendre les oiseaux chanter, go\u00fbter \u00e0 la menthe et au basilic patiemment cultiv\u00e9s\u2026&nbsp;! ou<\/em><strong> la cuisine<\/strong>&nbsp;: <em>Malaxer une p\u00e2te, d\u00e9couvrir l\u2019effet du chocolat m\u00e9lang\u00e9 aux \u0153ufs, go\u00fbter pour tester, sentir le g\u00e2teau qui chauffe pour du go\u00fbter\u2026<\/em><\/p>\n<\/div><\/div>\n\n\n\n<h3 class=\"wp-block-heading\">Comment tout a commenc\u00e9<\/h3>\n\n\n\n<p><\/p>\n\n\n\n<p>8 ann\u00e9es d&rsquo;exp\u00e9rience dans le secteur de la gestion des cr\u00e8ches priv\u00e9es, et dans le monde associatif autour du handicap..<\/p>\n\n\n\n<blockquote class=\"wp-block-quote is-layout-flow wp-block-quote-is-layout-flow\">\n<p>La rencontre de ces deux univers offre une richesse mutuelle consid\u00e9rable qui d\u00e9borde et rejaillit sur les enfants, les professionnelles qui les accompagnent, et leurs familles.<\/p>\n<\/blockquote>\n\n\n\n<p>Seulement 23% des fran\u00e7ais actifs et en situation de handicap ont un emploi&#8230; ! De plus, le secteur de la petite enfance subit une forte p\u00e9nurie en termes d&#8217;emploi, avec 50% seulement de demandes de places satisfaites.<\/p>\n\n\n\n<p>Ce secteur est aujourd&rsquo;hui la cl\u00e9 pour inverser la tendance, permettant l&rsquo;insertion de personnes en situation de handicap dans un environnement bienveillant, et favorisant l&rsquo;\u00e9veil des enfants durant les 1000 premiers jours de leur vie.<\/p>\n\n\n\n<p>Contactez nous pour plus d&rsquo;information : charlotte.darcy@gmail.com<\/p>\n\n\n\n<p><\/p>\n","protected":false},"excerpt":{"rendered":"<p>Les cr\u00e8ches Tournesol sont les premi\u00e8res \u00ab&nbsp;cr\u00e8ches adapt\u00e9es&nbsp;\u00bb dans le monde. Notre mission ? Changer le regard sur le handicap, d\u00e8s le plus jeune \u00e2ge, et transformer de l\u2019int\u00e9rieur le mod\u00e8le des cr\u00e8ches. Comment tout a commenc\u00e9 8 ann\u00e9es d&rsquo;exp\u00e9rience &hellip; <\/p>\n","protected":false},"author":1,"featured_media":0,"parent":0,"menu_order":0,"comment_status":"closed","ping_status":"open","template":"","meta":{"footnotes":""},"class_list":["post-2","page","type-page","status-publish","hentry"],"_links":{"self":[{"href":"http:\/\/www.crechetournesol.com\/index.php\/wp-json\/wp\/v2\/pages\/2","targetHints":{"allow":["GET"]}}],"collection":[{"href":"http:\/\/www.crechetournesol.com\/index.php\/wp-json\/wp\/v2\/pages"}],"about":[{"href":"http:\/\/www.crechetournesol.com\/index.php\/wp-json\/wp\/v2\/types\/page"}],"author":[{"embeddable":true,"href":"http:\/\/www.crechetournesol.com\/index.php\/wp-json\/wp\/v2\/users\/1"}],"replies":[{"embeddable":true,"href":"http:\/\/www.crechetournesol.com\/index.php\/wp-json\/wp\/v2\/comments?post=2"}],"version-history":[{"count":16,"href":"http:\/\/www.crechetournesol.com\/index.php\/wp-json\/wp\/v2\/pages\/2\/revisions"}],"predecessor-version":[{"id":106,"href":"http:\/\/www.crechetournesol.com\/index.php\/wp-json\/wp\/v2\/pages\/2\/revisions\/106"}],"wp:attachment":[{"href":"http:\/\/www.crechetournesol.com\/index.php\/wp-json\/wp\/v2\/media?parent=2"}],"curies":[{"name":"wp","href":"https:\/\/api.w.org\/{rel}","templated":true}]}}

<p>Les crèches Tournesol sont les premières «&nbsp;crèches adaptées&nbsp;» dans le monde.</p>



<p>Notre mission ? Changer le regard sur le handicap, dès le plus jeune âge, et transformer de l’intérieur le modèle des crèches.</p>



<div class="wp-block-cover is-light"><img loading="lazy" decoding="async" width="1707" height="2560" class="wp-block-cover__image-background wp-image-81" alt="" src="http://www.crechetournesol.com/wp-content/uploads/2022/07/pexels-ekaterina-bolovtsova-4868624-1-scaled.jpg" data-object-fit="cover" srcset="http://www.crechetournesol.com/wp-content/uploads/2022/07/pexels-ekaterina-bolovtsova-4868624-1-scaled.jpg 1707w, http://www.crechetournesol.com/wp-content/uploads/2022/07/pexels-ekaterina-bolovtsova-4868624-1-200x300.jpg 200w, http://www.crechetournesol.com/wp-content/uploads/2022/07/pexels-ekaterina-bolovtsova-4868624-1-683x1024.jpg 683w, http://www.crechetournesol.com/wp-content/uploads/2022/07/pexels-ekaterina-bolovtsova-4868624-1-768x1152.jpg 768w, http://www.crechetournesol.com/wp-content/uploads/2022/07/pexels-ekaterina-bolovtsova-4868624-1-1024x1536.jpg 1024w, http://www.crechetournesol.com/wp-content/uploads/2022/07/pexels-ekaterina-bolovtsova-4868624-1-1365x2048.jpg 1365w" sizes="auto, (max-width: 1707px) 100vw, 1707px" /><span aria-hidden="true" class="wp-block-cover__background has-background-dim"></span><div class="wp-block-cover__inner-container is-layout-flow wp-block-cover-is-layout-flow">
<p class="has-white-color has-text-color">La micro crèche est un lieu idéal favorisant l’éveil individuel de l’enfant dans la collectivité. En effet, 12 enfants de 3 mois à 3 ans évoluent chacun à son rythme dans un cocon affectif.</p>



<p class="has-white-color has-text-color">Les enfants sont choyés par 5 professionnelles rythmant leurs journées en proposant des activités très variées de jeux d’éveil aux 5 sens&nbsp;à travers : <strong>Le jardinage</strong>&nbsp;: <em>Toucher et sentir la terre, observer les couleurs des fleurs, entendre les oiseaux chanter, goûter à la menthe et au basilic patiemment cultivés…&nbsp;! ou</em><strong> la cuisine</strong>&nbsp;: <em>Malaxer une pâte, découvrir l’effet du chocolat mélangé aux œufs, goûter pour tester, sentir le gâteau qui chauffe pour du goûter…</em></p>
</div></div>



<h3 class="wp-block-heading">Comment tout a commencé</h3>



<p></p>



<p>8 années d&rsquo;expérience dans le secteur de la gestion des crèches privées, et dans le monde associatif autour du handicap..</p>



<blockquote class="wp-block-quote is-layout-flow wp-block-quote-is-layout-flow">
<p>La rencontre de ces deux univers offre une richesse mutuelle considérable qui déborde et rejaillit sur les enfants, les professionnelles qui les accompagnent, et leurs familles.</p>
</blockquote>



<p>Seulement 23% des français actifs et en situation de handicap ont un emploi&#8230; ! De plus, le secteur de la petite enfance subit une forte pénurie en termes d&#8217;emploi, avec 50% seulement de demandes de places satisfaites.</p>



<p>Ce secteur est aujourd&rsquo;hui la clé pour inverser la tendance, permettant l&rsquo;insertion de personnes en situation de handicap dans un environnement bienveillant, et favorisant l&rsquo;éveil des enfants durant les 1000 premiers jours de leur vie.</p>



<p>Contactez nous pour plus d&rsquo;information : charlotte.darcy@gmail.com</p>



<p></p>

<p>Les crèches Tournesol sont les premières «&nbsp;crèches adaptées&nbsp;» dans le monde. Notre mission ? Changer le regard sur le handicap, dès le plus jeune âge, et transformer de l’intérieur le modèle des crèches. Comment tout a commencé 8 années d&rsquo;expérience &hellip; </p>
